10
31b8d2 (base 16) to base 2
1100011011100011010010
What is a1399 (base 13) in base 3?
112122122222
What is 1518239 (base 10) in base 11?
947748
Convert -12434512 (base 6) to base 7.
-3323162
Convert 105042443 (base 6) to base 3.
10121110221100
-253644064 (base 7) to base 6
-1333201104
Convert -306746 (base 8) to base 13.
-37497
What is -333254 (base 8) in base 9?
-181037
-201212212101 (base 3) to base 12
-16a5a7
Convert -24443231 (base 5) to base 16.
-392cf
What is 1442 (base 7) in base 5?
4234
1406046 (base 7) to base 14
4c1cd
-11121121021 (base 3) to base 4
-112023103
What is -351235425 (base 6) in base 13?
-146a332
What is 1002040351 (base 6) in base 7?
152332414
Convert -1111010101001101001 (base 2) to base 15.
-9dcbc
2220111112 (base 3) to base 10
57227
What is -4416534 (base 8) in base 10?
-1187164
-11bc73 (base 14) to base 16
-94a6d
Convert 3024540 (base 6) to base 13.
504b4
Convert 1136473 (base 8) to base 6.
10353523
Convert 111233130000 (base 4) to base 16.
56f700
Convert 1320121202 (base 4) to base 10.
493154
22216632 (base 9) to base 14
160098c
20200134 (base 5) to base 9
266864
What is 15424125 (base 7) in base 8?
5524712
Convert 1532d (base 16) to base 2.
10101001100101101
Convert -467001 (base 14) to base 11.
-139a9a9
Convert -3144200 (base 5) to base 3.
-2200202211
Convert 222003 (base 6) to base 16.
4893
3289981 (base 12) to base 3
200010200110121
34401150 (base 6) to base 10
1057818
11331023 (base 7) to base 6
33225452
Convert 16184023 (base 9) to base 12.
285b549
What is -50d64 (base 14) in base 11?
-123325
What is -202026341 (base 7) in base 5?
-11003200221
What is -87486 (base 16) in base 12?
-228806
3026648 (base 12) to base 3
121221210101002
What is 120012021323 (base 4) in base 9?
12786748
What is 101617 (base 11) in base 10?
163126
What is -10101000110000010 (base 2) in base 12?
-42002
Convert -11110010110010011100011 (base 2) to base 11.
-454424a
What is -83937 (base 10) in base 7?
-466500
215013500 (base 6) to base 2
1110110001111100001100
Convert 27b4d (base 14) to base 10.
98265
-112011010110 (base 3) to base 12
-115263
-324a4 (base 14) to base 13
-434ba
75607 (base 8) to base 3
1121101020
What is 3879b96 (base 13) in base 9?
36225038
What is 32311132 (base 4) in base 11?
41722
-2230323011 (base 5) to base 2
-10010110100010100010001
-1431330131 (base 5) to base 10
-3776916
What is 1a995e (base 15) in base 10?
1298114
216625 (base 7) to base 14
ddbc
Convert -12452313 (base 7) to base 2.
-100010110000011100101
What is -111001111010110111 (base 2) in base 5?
-30042424
What is -22335600 (base 7) in base 12?
-797a29
27945a9 (base 13) to base 3
212120001111211
Convert 244345512 (base 6) to base 8.
21722524
-523 (base 13) to base 11
-725
Convert -2101020001 (base 3) to base 6.
-1000431
What is -2247430 (base 9) in base 10?
-1212678
What is 196cce (base 15) in base 16?
12e480
-17a5b4 (base 12) to base 13
-115777
Convert -15556144 (base 7) to base 11.
-941508
-11110222002102 (base 3) to base 14
-45d9bd
Convert 410034501 (base 6) to base 8.
32556305
32010210300 (base 4) to base 13
9c1cc2
Convert -34444333 (base 6) to base 3.
-2000001010210
Convert 2d926 (base 16) to base 10.
186662
Convert 111203000 (base 4) to base 2.
10101100011000000
What is 95507 (base 10) in base 4?
113110103
Convert -639b3 (base 16) to base 10.
-407987
What is -5245352 (base 7) in base 15?
-c79e2
What is -2689427 (base 11) in base 12?
-1678774
Convert -1146a9 (base 11) to base 15.
-38d41
-1908a (base 11) to base 7
-140616
What is 3c561b (base 16) in base 14?
74d071
What is 11212122212000 (base 3) in base 9?
4778760
What is 28d520 (base 16) in base 3?
12000221210010
Convert 243204322 (base 6) to base 9.
8644615
What is -2220213013 (base 4) in base 12?
-293807
-14502413 (base 8) to base 10
-3310859
73a46 (base 11) to base 14
2b39a
-2220042 (base 5) to base 8
-113564
What is 6b5ca (base 14) in base 5?
31334323
Convert 12101202110 (base 3) to base 13.
39498
Convert -579c8 (base 14) to base 16.
-340ec
Convert -531915 (base 10) to base 4.
-2001313023
What is -15162252 (base 8) in base 15?
-487140
What is -46aa5e (base 15) in base 9?
-6316748
Convert 6147a17 (base 11) to base 3.
202102201110200
What is -4b6477 (base 12) in base 10?
-1234459
6431741 (base 8) to base 12
6a9915
What is -d2ca6 (base 14) in base 9?
-853011
Convert 11ed0 (base 15) to base 3.
2220122220
Convert 1dd01 (base 14) to base 4.
102231131
320430314 (base 5) to base 3
2112012200100
1244363 (base 7) to base 8
475177
Convert 22313003 (base 4) to base 6.
541535
Convert 158172 (base 9) to base 4.
113320220
What is -27d71 (base 15) in base 11?
-88109
2112210121011 (base 3) to base 16
14a9cd
Convert -755522 (base 13) to base 3.
-12011220101102
12033729 (base 10) to base 2
101101111001111011000001
Convert -1ea6cb (base 16) to base 11.
-1152253
Convert -1996a (base 12) to base 2.
-1001001100100010
-12112111020210 (base 3) to base 16
-2ce5db
What is -10603163 (base 7) in base 3?
-1202000120002
What is 333003240 (base 5) in base 13?
3bb801
What is 44a74aa (base 11) in base 4?
132011132323
What is 16a678 (base 12) in base 16?
5f93c
-ac90 (base 14) to base 13
-10805
Convert 19a354 (base 15) to base 16.
1310e0
What is -1011000110011000010 (base 2) in base 16?
-58cc2
-153203331 (base 7) to base 8
-47133103
What is -5553501 (base 6) in base 16?
-443ad
2904a2 (base 12) to base 4
2213032322
What is 340167 (base 16) in base 11?
1a18722
What is -1242213030 (base 5) in base 9?
-5722321
Convert 1222120010210 (base 3) to base 11.
660077
Convert -1011102201002 (base 3) to base 4.
-2113003103
What is -10201023010 (base 4) in base 6?
-41215324
Convert -103013333 (base 4) to base 5.
-10001320
-65482 (base 13) to base 16
-2cb5d
Convert -22a2801 (base 11) to base 7.
-46062212
What is -9743 (base 14) in base 9?
-38750
Convert 213524 (base 6) to base 3.
220021021
What is 1f7ba (base 16) in base 4?
133132322
Convert -111025303 (base 6) to base 7.
-23041014
Convert -245103 (base 8) to base 16.
-14a43
Convert -34938 (base 15) to base 12.
-80aa5
-14032303 (base 6) to base 15
-94846
What is 110234512 (base 6) in base 12?
7b5a38
Convert 23b2e7 (base 15) to base 8.
6410601
Convert 32032111 (base 5) to base 13.
94b67
11110000110011010010111 (base 2) to base 7
124032421
-1010110101001110 (base 2) to base 14
-12250
15162311 (base 8) to base 5
1341411231
Convert 250021 (base 9) to base 12.
7340a
11003104 (base 8) to base 6
122334032
Convert -5a4a90 (base 11) to base 8.
-3517532
Convert -26c96c (base 13) to base 7.
-11002100
9b6b (base 15) to base 11
22836
Convert -8188348 (base 9) to base 5.
-2104303214
Convert -11b680 (base 14) to base 6.
-21005252
Convert 4211155 (base 6) to base 11.
12a0a6
Convert 125542320 (base 6) to base 9.
4656173
-10088 (base 14) to base 11
-26a53
210331241 (base 5) to base 9
1566478
Convert 11001232031 (base 4) to base 2.
101000001101110001101
What is -237260 (base 9) in base 12?
-6a990
Convert 584b77 (base 13) to base 16.
1ffa52
Convert -1010001010101000111101 (base 2) to base 12.
-a86311
Convert -101621d (base 14) to base 2.
-11100111011110001000011
What is -1419b7 (base 16) in base 6?
-44122343
What is -463a49 (base 11) in base 16?
-b401a
What is 35410 (base 12) in base 9?
117883
What is 485018 (base 11) in base 12?
310546
Convert 4328bb5 (base 12) to base 8.
60501271
What is 1883171 (base 9) in base 12?
430791
What is -ddc49 (base 14) in base 6?
-15304225
Convert 117bbee (base 15) to base 16.
bf68c7
11014552 (base 7) to base 3
1210000122011
What is 23819 (base 15) in base 9?
182246
Convert 22010210221122 (base 3) to base 2.
10000100000010010110010
26a3 (base 11) to base 3
11210200
What is -24ad58 (base 14) in base 16?
-133772
What is 1082a2 (base 15) in base 5?
200140402
Convert -2049d6 (base 16) to base 3.
-10222111200101
What is -516760 (base 8) in base 9?
-281230
10022002010011 (base 3) to base 10
1753330
Convert -4a8bb (base 13) to base 7.
-1112342
What is -44b45 (base 12) in base 5?
-10411433
Convert -220524 (base 12) to base 4.
-2003303230
-3021232033 (base 4) to base 8
-3115617
-10001424400 (base 5) to base 9
-20380030
27996 (base 12) to base 2
1101011011000010
12021220121 (base 3) to base 12
5035a
-3d16bb (base 16) to base 5
-2011103030
Convert -32475660 (base 8) to base 15.
-92ca70
Conv